{"id":1498,"date":"2025-04-23T19:09:36","date_gmt":"2025-04-23T17:09:36","guid":{"rendered":"https:\/\/panikowalska.com\/?page_id=1498"},"modified":"2025-04-30T23:38:30","modified_gmt":"2025-04-30T21:38:30","slug":"regulamin","status":"publish","type":"page","link":"https:\/\/panikowalska.com\/?page_id=1498","title":{"rendered":"Regulamin"},"content":{"rendered":"\t\t<div data-elementor-type=\"wp-page\" data-elementor-id=\"1498\" class=\"elementor elementor-1498\">\n\t\t\t\t<div class=\"elementor-element elementor-element-5fea7a5 e-flex e-con-boxed e-con e-parent\" data-id=\"5fea7a5\" data-element_type=\"container\" data-e-type=\"container\">\n\t\t\t\t\t<div class=\"e-con-inner\">\n\t\t\t\t<div class=\"elementor-element elementor-element-dbc633b elementor-widget elementor-widget-text-editor\" data-id=\"dbc633b\" data-element_type=\"widget\" data-e-type=\"widget\" data-widget_type=\"text-editor.default\">\n\t\t\t\t<div class=\"elementor-widget-container\">\n\t\t\t\t\t\t\t\t\t<p><strong>I Postanowienia og\u00f3lne<\/strong><\/p><p>1. Na lekcje mo\u017cna zapisa\u0107 si\u0119 mailowo lub telefonicznie. Osoby niepe\u0142noletnie mog\u0105 zapisa\u0107 si\u0119 wy\u0142\u0105cznie za zgod\u0105 rodzica lub opiekuna. <br \/>2. Zaj\u0119cia realizowane s\u0105 online za po\u015brednictwem komunikatora Whereby. Niezb\u0119dne jest dobre po\u0142\u0105czenie internetowe. <br \/>3. Zaj\u0119cia odbywaj\u0105 si\u0119 od poniedzia\u0142ku do pi\u0105tku. Dok\u0142adne terminy spotka\u0144 ustalane s\u0105 indywidualnie.<br \/>4. Zabronione jest kopiowanie i rozpowszechnianie materia\u0142\u00f3w u\u017cywanych na zaj\u0119ciach, jak r\u00f3wnie\u017c rejestrowanie lekcji b\u0105d\u017a ich fragment\u00f3w.<br \/>5. Ostatniego dnia miesi\u0105ca rozliczeniowego nauczyciel zobowi\u0105zany jest do wystawienia rachunku, kt\u00f3rego kwota odpowiada ustalonej stawce godzinowej oraz liczbie zaj\u0119\u0107 zrealizowanych w miesi\u0105cu. Rachunek jest przysy\u0142any na adres e-mail ucznia lub rodzica\/opiekuna. Tytu\u0142 przelewu powinien odpowiada\u0107 numerowi rachunku, np. \u201eRachunek nr 13\/03\/2024\u201d.<br \/>6. Podj\u0119cie wsp\u00f3\u0142pracy jest r\u00f3wnoznaczne z akceptacj\u0105 niniejszego regulaminu przez ucznia i\/lub rodzica \/ opiekuna ucznia oraz przyj\u0119ciem zapis\u00f3w klauzuli informacyjnej RODO (dokument w za\u0142\u0105czniku).<\/p><p><strong>II Przygotowania i praca na lekcjach<\/strong><br \/>1. Zar\u00f3wno ucze\u0144, jak i nauczyciel zobowi\u0105zani s\u0105 do systematycznego przygotowywania si\u0119 do zaj\u0119\u0107. W przypadku ucznia oznacza to przede wszystkim samodzielne odrabianie zada\u0144 domowych i regularne powtarzanie omawianych dot\u0105d zagadnie\u0144. Nauczyciel zobowi\u0105zuje si\u0119 do sprawdzania zada\u0144 domowych i dostarczania uczniowi materia\u0142\u00f3w do wykorzystania na nast\u0119pnych zaj\u0119ciach.<br \/>2. Materia\u0142y (np. wybrane strony podr\u0119cznik\u00f3w, fragmenty ksi\u0105\u017cek lub artyku\u0142\u00f3w, autorskie \u0107wiczenia) wysy\u0142ane s\u0105 do ucznia drog\u0105 mailow\u0105, g\u0142\u00f3wnie w formacie pdf. Ucze\u0144 ma obowi\u0105zek pobra\u0107 je i wydrukowa\u0107 (lub w przypadku korzystania z tabletu \u2013 odpowiednio przygotowa\u0107) z nale\u017cytym wyprzedzeniem, nie na pocz\u0105tku lekcji. Nie ma potrzeby kupowania jakichkolwiek podr\u0119cznik\u00f3w we w\u0142asnym zakresie.<br \/>3. Ucze\u0144 ma obowi\u0105zek wysy\u0142a\u0107 odrobione zadania domowe najp\u00f3\u017aniej do godziny 19:00 dnia poprzedzaj\u0105cego zaj\u0119cia. Przys\u0142anie zada\u0144 domowych w p\u00f3\u017aniejszej porze lub dostarczenie tylko cz\u0119\u015bci z nich mo\u017ce negatywnie wp\u0142yn\u0105\u0107 na przebieg lekcji. Zadania domowe nale\u017cy przysy\u0142a\u0107 na wskazany przez nauczyciela adres e-mail (nie za po\u015brednictwem sms\u00f3w lub komunikator\u00f3w) w formie skan\u00f3w lub wyra\u017anych zdj\u0119\u0107. <br \/>4. Niewywi\u0105zywanie si\u0119 z odrabiania i terminowego przysy\u0142ania zada\u0144 domowych oraz\/lub notoryczne nieprzygotowywanie si\u0119 do zaj\u0119\u0107 mog\u0105 skutkowa\u0107 zako\u0144czeniem wsp\u00f3\u0142pracy.<br \/>5. W przypadku uczni\u00f3w niepe\u0142noletnich, nauczyciel pozostaje w sta\u0142ym kontakcie z ich rodzicami lub opiekunami. Wszelkie decyzje dotycz\u0105ce zaj\u0119\u0107 s\u0105 na bie\u017c\u0105co konsultowane. Rodzice \/ opiekunowie s\u0105 r\u00f3wnie\u017c informowani o post\u0119pach ucznia oraz ewentualnych problemach.<\/p><p><strong>III Terminowo\u015b\u0107, odwo\u0142ywanie i przek\u0142adanie zaj\u0119\u0107<\/strong><br \/>1. Na lekcje stawiamy si\u0119 punktualnie. Je\u015bli ucze\u0144 nie pojawi si\u0119 na um\u00f3wionych zaj\u0119ciach bez wcze\u015bniejszego powiadomienia, s\u0105 one traktowane jako zrealizowane.<br \/>2. Ucze\u0144 (lub rodzic \/ opiekun) mo\u017ce bezp\u0142atnie odwo\u0142a\u0107 zaj\u0119cia do godziny 18:00 poprzedniego dnia. W takiej sytuacji nale\u017cy ustali\u0107 termin na jej odrobienie w ci\u0105gu kolejnych 14 dni. <br \/>3. Odwo\u0142anie zaj\u0119\u0107 przez ucznia lub rodzica \/ opiekuna po godzinie 18:00 poprzedniego dnia lub w dniu planowanych zaj\u0119\u0107 skutkuje konieczno\u015bci\u0105 uiszczenia op\u0142aty w wysoko\u015bci 50% ceny lekcji. <br \/>4. Notoryczne odwo\u0142ywanie lekcji skutkuje zako\u0144czeniem wsp\u00f3\u0142pracy.<br \/>5. Powy\u017csze zasady nie obowi\u0105zuj\u0105 w przypadku wyj\u0105tkowych zdarze\u0144 losowych, nag\u0142ych wypadk\u00f3w i innych sytuacji niemo\u017cliwych do przewidzenia. Nie zwalnia to obu stron z obowi\u0105zku niezw\u0142ocznego informowania o wszelkich zmianach.<\/p><p><strong>IV Nie zapominamy o najwa\u017cniejszej zasadzie: zawsze warto porozmawia\u0107.<\/strong> <strong><em>Polegajmy nie tylko na regulaminie, ale tak\u017ce (przede wszystkim) na dobrych ch\u0119ciach, szczero\u015bci i zdrowym rozs\u0105dku. <\/em>\ud83d\ude42<\/strong><\/p><p style=\"text-align: center;\"><strong>Klauzula informacyjna RODO<\/strong><\/p><p>Zgodnie z art. 13 ust. 1 i ust. 2 og\u00f3lnego rozporz\u0105dzenia o ochronie danych osobowych z dnia 27 kwietnia 2016 r. informuj\u0119, i\u017c:<\/p><p>1. Administratorem danych wskazanych w zgodzie na przetwarzanie danych osobowych wyra\u017conej powy\u017cej jest Pani Martyna Kowalska, Staw 15, 86-221 Papowo Biskupie. Adres reprezentowany przez w\u0142a\u015bcicielk\u0119 firmy Martyn\u0119 Kowalsk\u0105.<br \/>2. Wyznaczony zosta\u0142 inspektor ochrony danych, z kt\u00f3rym mo\u017cna si\u0119 skontaktowa\u0107 w sprawach ochrony swoich danych osobowych pod adresem e-mail: kontakt@panikowalska.com lub pisemnie na adres siedziby Administratora wskazany powy\u017cej.<br \/>3. Celem zbierania danych jest wystawienie rachunku zgodnie z Art. 106e pkt. 1 ustawy z dnia 11.03.2004r. o podatku od towar\u00f3w i us\u0142ug na podstawie art. 6 ust 1 pkt. c og\u00f3lnego rozporz\u0105dzenia o ochronie danych osobowych z dnia 27 kwietnia 2016 r.<br \/>4. Przys\u0142uguje Pani\/Panu prawo dost\u0119pu do tre\u015bci danych oraz ich sprostowania, usuni\u0119cia lub ograniczenia przetwarzania, a tak\u017ce prawo sprzeciwu, za\u017c\u0105dania zaprzestania przetwarzania i przenoszenia danych, jak r\u00f3wnie\u017c prawo do cofni\u0119cia zgody w dowolnym momencie oraz prawo do wniesienia skargi do organu nadzorczego tj. Prezesa Urz\u0119du Ochrony Danych Osobowych.<br \/>5. Podanie danych jest dobrowolne, lecz niezb\u0119dne do wystawienia rachunku. <br \/>W przypadku niepodania danych nie b\u0119dzie mo\u017cliwe wystawienie rachunku.<br \/>6. Dane udost\u0119pnione przez Pani\u0105\/Pana mog\u0105 zosta\u0107 udost\u0119pnione odpowiednim organom kontroli zgodnie z przepisami prawa oraz w przypadku wyra\u017cenia woli otrzymania faktury w formie korespondencyjnej Pana\/Pani dane b\u0119d\u0105 udost\u0119pnienie Poczcie Polskiej S.A. w zakresie niezb\u0119dnym do zaadresowania korespondencji. <br \/>7. Dane udost\u0119pnione przez Pani\u0105\/Pana nie b\u0119d\u0105 podlega\u0142y profilowaniu.<br \/>8. Administrator danych nie ma zamiaru przekazywa\u0107 danych osobowych do pa\u0144stwa trzeciego lub organizacji mi\u0119dzynarodowej.<br \/>9. Dane osobowe b\u0119d\u0105 przechowywane przez okres wynikaj\u0105cy z art. 112 ustawy o podatku od towar\u00f3w i us\u0142ug oraz art. 70 \u00a71 Ordynacji podatkowej, a nast\u0119pnie b\u0119d\u0105 archiwizowane. <br \/>10. Otrzymanie rachunku jest r\u00f3wnoznaczne z przyj\u0119ciem do wiadomo\u015bci powy\u017cszych zapis\u00f3w.<\/p><p>\u00a0<\/p>\t\t\t\t\t\t\t\t<\/div>\n\t\t\t\t<\/div>\n\t\t\t\t\t<\/div>\n\t\t\t\t<\/div>\n\t\t\t\t<\/div>\n\t\t","protected":false},"excerpt":{"rendered":"<p>I Postanowienia og\u00f3lne 1. Na lekcje mo\u017cna zapisa\u0107 si\u0119 mailowo lub telefonicznie. Osoby niepe\u0142noletnie mog\u0105 zapisa\u0107 si\u0119 wy\u0142\u0105cznie za zgod\u0105 rodzica lub opiekuna. 2. Zaj\u0119cia realizowane s\u0105 online za po\u015brednictwem komunikatora Whereby. Niezb\u0119dne jest dobre po\u0142\u0105czenie internetowe. 3. Zaj\u0119cia odbywaj\u0105 si\u0119 od poniedzia\u0142ku do pi\u0105tku. Dok\u0142adne terminy spotka\u0144 ustalane s\u0105 indywidualnie.4. Zabronione jest kopiowanie i<br \/><a class=\"moretag\" href=\"https:\/\/panikowalska.com\/?page_id=1498\">+ Read More<\/a><\/p>\n","protected":false},"author":1,"featured_media":0,"parent":0,"menu_order":0,"comment_status":"closed","ping_status":"closed","template":"templates\/page-fullwidth_template.php","meta":{"footnotes":""},"class_list":["post-1498","page","type-page","status-publish","hentry"],"_links":{"self":[{"href":"https:\/\/panikowalska.com\/index.php?rest_route=\/wp\/v2\/pages\/1498","targetHints":{"allow":["GET"]}}],"collection":[{"href":"https:\/\/panikowalska.com\/index.php?rest_route=\/wp\/v2\/pages"}],"about":[{"href":"https:\/\/panikowalska.com\/index.php?rest_route=\/wp\/v2\/types\/page"}],"author":[{"embeddable":true,"href":"https:\/\/panikowalska.com\/index.php?rest_route=\/wp\/v2\/users\/1"}],"replies":[{"embeddable":true,"href":"https:\/\/panikowalska.com\/index.php?rest_route=%2Fwp%2Fv2%2Fcomments&post=1498"}],"version-history":[{"count":13,"href":"https:\/\/panikowalska.com\/index.php?rest_route=\/wp\/v2\/pages\/1498\/revisions"}],"predecessor-version":[{"id":1808,"href":"https:\/\/panikowalska.com\/index.php?rest_route=\/wp\/v2\/pages\/1498\/revisions\/1808"}],"wp:attachment":[{"href":"https:\/\/panikowalska.com\/index.php?rest_route=%2Fwp%2Fv2%2Fmedia&parent=1498"}],"curies":[{"name":"wp","href":"https:\/\/api.w.org\/{rel}","templated":true}]}}